{"id":475,"date":"2018-06-02T22:15:49","date_gmt":"2018-06-02T20:15:49","guid":{"rendered":"http:\/\/konferencia.uef.sav.sk\/?page_id=475"},"modified":"2025-09-20T19:53:56","modified_gmt":"2025-09-20T17:53:56","slug":"programme","status":"publish","type":"page","link":"http:\/\/konferencia.uef.sav.sk\/?page_id=475","title":{"rendered":"Preliminary Programme"},"content":{"rendered":"<h1>WEDNESDAY \u2013 September 24, 2025<\/h1>\n<p><strong>\u00a0<\/strong><\/p>\n<p>16:00 \u2013 17:30<\/p>\n<p><strong>REGISTRATION<\/strong><\/p>\n<p><strong>\u00a0<\/strong><\/p>\n<p>17:30 \u2013 17:50<\/p>\n<p><strong>OPENING CEREMONY <\/strong><\/p>\n<p><strong>\u00a0<\/strong><\/p>\n<p>17:50 \u2013 18:10<\/p>\n<p>THIRTY YEARS OF THE INTERDISCIPLINARY TOXICOLOGY CONFERENCES TOXCON: A BRIEF LOOK BACK<\/p>\n<p><strong>Dubovicky M.<\/strong><\/p>\n<p><em>Institute of Experimental Pharmacology and\u00a0 Toxicology, Centre of Experimental Medicine, Slovak Academy of Sciences<\/em><\/p>\n<p>19:00<\/p>\n<p><strong>WELCOME RECEPTION<\/strong><\/p>\n<p><strong>\u00a0<\/strong><\/p>\n<p><strong>\u00a0<\/strong><\/p>\n<h1>THURSDAY \u2013 September 25, 2025<\/h1>\n<p><strong>\u00a0<\/strong><\/p>\n<p>8:00 \u2013 10:00<\/p>\n<p><strong>REGISTRATION\/POSTER INSTALLATION<\/strong><\/p>\n<p><strong>\u00a0<\/strong><\/p>\n<p>9:00 \u2013 11:00<\/p>\n<p><strong>SESSION 1: MILITARY TOXICOLOGY<\/strong><\/p>\n<p><em>Chairpersons:<\/em> Mojm\u00edr Mach and Ond\u0159ej Soukup<\/p>\n<p><strong>\u00a0<\/strong><\/p>\n<p><strong>L1 &#8211;\u00a0<\/strong>NOVICHOK\u00b4S AND THE EFFICACY OF CURRENT COUNTERMEASURES<\/p>\n<p><strong>Soukup O., G\u00f3recki L., Hepnarov\u00e1 V., Korabecny J., Hrabinova M., Jun D.<\/strong><\/p>\n<p><em>Military Faculty of Medicine, University of Defense, Czech Republic<\/em><\/p>\n<p><strong>L2 &#8211;\u00a0<\/strong>A NEXT-GENERATION BROAD-SPECTRUM REACTIVATORS AGAINST ORGANOPHOSPHORUS POISONING<\/p>\n<p><strong>Korabecny J., Hrabinova M., Gorecki L., Zdarova-Karasova J.<\/strong><\/p>\n<p><em>Military Faculty of Medicine, University of Defense, Czech Republic<\/em><\/p>\n<p><strong>L3 &#8211;\u00a0<\/strong>DECONTAMINATION OF CHEMICAL AND BIOLOGICAL AGENTS<\/p>\n<p><strong>Marek J., Zivna N., Ernestova V., Hympanova M., Benkova M., Dlabkova A., Prchal L., Sleha R., Soukup O., Jun D.<\/strong><\/p>\n<p><em>Military Faculty of Medicine, University of Defense, Czech Republic<\/em><\/p>\n<p><strong>L4 &#8211;\u00a0<\/strong>A-AGENTS: HARD TO FIND? THRILLING DETECTION OF BIOMARKERS IN BIOLOGICAL MATRICES<\/p>\n<p><strong>Prchal L., Dlabkov\u00e1 A., \u0158ehulkov\u00e1 H. <\/strong><\/p>\n<p><em>Biomedical Research Centre, University Hospital in Hradec Kr\u00e1lov\u00e9, Czech Republic<\/em><\/p>\n<p><strong>L5 &#8211;\u00a0<\/strong>ENHANCING CONVENTIONAL ANTIDOTAL THERAPY AGAINST NERVE AGENT POISONING WITH THE NOVEL NMDA RECEPTOR ANTAGONIST K2060<\/p>\n<p><strong>Kone\u010dn\u00fd J.<\/strong><\/p>\n<p><em>Military Faculty of Medicine, University of Defense, Czech Republic<\/em><\/p>\n<p><strong>L6 &#8211;\u00a0<\/strong>BIOTRANSFORMATION OF TACRINE IMPLYING ITS HEPATOTOXICITY AND HOW TO AVOID IT?<\/p>\n<p><strong>Novak M., Soukup O.<\/strong><\/p>\n<p><em>University Hospital in Hradec Kralove, Czech Republic<\/em><\/p>\n<p><strong>\u00a0<\/strong><\/p>\n<p>11:00<\/p>\n<p><strong>COFFEE BREAK<\/strong><\/p>\n<p><strong>\u00a0<\/strong><\/p>\n<p>11:20 \u2013 12:30<\/p>\n<p><strong>SESSION 2: CARDIOVASCULAR TOXICOLOGY<\/strong><\/p>\n<p><em>Chairpersons:<\/em> Tom\u00e1\u0161 Pere\u010dko and Branislav Kura<\/p>\n<p><strong>\u00a0<\/strong><\/p>\n<p><strong>L8 &#8211;\u00a0<\/strong>MOLECULAR HYDROGEN AS A PROTECTIVE AGENT AGAINST RADIATION-INDUCED CARDIOTOXICITY<\/p>\n<p><strong>Kura B., Kalocayova B., Sykora M., Pavelkova P., Kornieieva D., Pobijakov\u00e1 M., <\/strong><\/p>\n<p><strong>Slezak J.<\/strong><\/p>\n<p><em>Institute for Heart Research, Centre of Experimental Medicine, Slovak Academy of Sciences<\/em><\/p>\n<p><strong>\u00a0<\/strong><strong>L9 &#8211;\u00a0<\/strong>FROM ANTIOXIDANT HYPE TO MITOCHONDRIAL REALITY: QUERCETIN IN DIABETIC MYOCARDIAL BIOENERGETICS<\/p>\n<p><strong>Du\u013eov\u00e1 U., Grman M., Kura B., Bartekov\u00e1 M.<\/strong><\/p>\n<p><em>Institute for Heart Research, Centre of Experimental Medicine, Slovak Academy of Sciences<\/em><\/p>\n<p><strong>\u00a0<\/strong><strong>L10 &#8211;\u00a0<\/strong>THE ROLE OF SULFORAPHANE AND QUERCETIN IN MODULATION OF CELLULAR RESPONSES INDUCED BY DOXORUBICIN IN H9C2 CELLS<\/p>\n<p><strong>L\u00ed\u0161kov\u00e1 V., Svetl\u00e1kov\u00e1 B., Baran\u010d\u00edk M.<\/strong><\/p>\n<p><em>Institute for Heart Research, Centre of Experimental Medicine, Slovak Academy of Sciences.<\/em><\/p>\n<p><strong>\u00a0<\/strong><strong>L11 &#8211;\u00a0<\/strong>THERAPEUTIC EFFECT OF MOLECULAR HYDROGEN IN HEART FAILURE<\/p>\n<p><strong>Kornieieva D., Sykora M., Kalocayova B., Martiskova A., Szeiffova Bacova B., Kura B.<\/strong><\/p>\n<p><em>Institute for Heart Research, Centre of Experimental Medicine, Slovak Academy of Sciences.<\/em><\/p>\n<p><strong>L12 &#8211;\u00a0<\/strong>THE ROLE OF CURCUMIN IN MODULATING OF REDOX SIGNALING IN VARIOUS PATHOLOGICAL CONDITIONS IN H9C2 CELLS<\/p>\n<p><strong>Svetl\u00e1kov\u00e1 B., L\u00ed\u0161kov\u00e1 V., Baran\u010d\u00edk M.<\/strong><\/p>\n<p><em>Institute for Heart Research, Centre of Experimental Medicine, Slovak Academy of Sciences. <\/em><\/p>\n<p><strong>\u00a0<\/strong><strong>\u00a0<\/strong><\/p>\n<p>12:30 \u2013 13:30<\/p>\n<p><strong>LUNCH<\/strong><\/p>\n<p>13:30 \u2013 14:30<\/p>\n<p><strong>POSTER<\/strong><\/p>\n<p><strong>\u00a0<\/strong><\/p>\n<p>13:30 \u2013 14:30<\/p>\n<p><strong>GENERAL ASSEMBLY OF SETOX<\/strong><\/p>\n<p>14:30\u00a0 &#8211; 16:50<\/p>\n<p><strong>SESSION 3: <em>IN VITRO<\/em> TOXICOLOGY<\/strong><\/p>\n<p><em>Chairpersons:<\/em> Helena Kan\u010f\u00e1rov\u00e1 and Viera Schwarzbacherov\u00e1<\/p>\n<p><strong>\u00a0<\/strong><\/p>\n<p><strong>L13 &#8211;\u00a0<\/strong>NOVEL BENZOAZEPINONE DERIVATIVES AS SARS-COV-2 MAIN PROTEASE INHIBITORS: INTEGRATED COMPUTATIONAL AND 3D HUMAN TISSUE SAFETY PROFILING<\/p>\n<p><strong>P\u00f4bi\u0161 P., Gabri\u0161ov\u00e1 K., Kov\u00e1\u010dikov\u00e1 L., M\u00e1jekov\u00e1 M., Berke\u0161 D., Caletkov\u00e1 O., Palen\u010d\u00e1rov\u00e1 A., Kan\u010f\u00e1rov\u00e1 H.<\/strong><\/p>\n<p><em>Institute of Experimental Pharmacology and\u00a0 Toxicology, Centre of Experimental Medicine, Slovak Academy of Sciences<\/em><\/p>\n<p><strong>L14 &#8211;\u00a0<\/strong>OCULAR PHOTOIRRITATION TESTING: DEVELOPMENT OF AN INTEGRATED IN SILICO AND IN VITRO STRATEGY<\/p>\n<p><strong>Palen\u010d\u00e1rov\u00e1 A.M, P\u00f4bi\u0161 P., Gabri\u0161ov\u00e1 K, \u0160olt\u00e9sov\u00e1 Prnov\u00e1 M., Bo\u010fo P., Ra\u010dkov\u00e1 L., Kandarova H. <\/strong><\/p>\n<p><em>Institute of Experimental Pharmacology and\u00a0 Toxicology, Centre of Experimental Medicine, Slovak Academy of Sciences<\/em><\/p>\n<p><strong>L15 &#8211;\u00a0<\/strong>OPTIMIZATION OF THE PROTOCOL FOR O-GLYCANS PROFILING BASED ON MALDI-TOF MS IN CULTURED SKIN CELLS<\/p>\n<p><strong>Ra\u010dkov\u00e1 L., Pakanov\u00e1 Z., Kan\u010f\u00e1rov\u00e1 H., Bar\u00e1th P. <\/strong><\/p>\n<p><sup>1<\/sup><em>Institute of Chemistry, Slovak Academy of Sciences, D\u00fabravsk\u00e1 cesta 9, Bratislava, Slovakia<\/em><\/p>\n<p><em>\u00a0<\/em><sup>2<\/sup><em>Centre of Experimental Medicine, Slovak Academy of Sciences, Institute of Experimental Pharmacology and Toxicology, D\u00fabravsk\u00e1 cesta 9, Bratislava, Slovakia<\/em><\/p>\n<p><strong>L16 &#8211;\u00a0<\/strong>NOVEL SYNTHETIC SERCA ACTIVATORS: A POTENTIAL STRATEGY TO<\/p>\n<p>PREVENT METHYLGLYOXAL-INDUCED IMPAIRMENT<\/p>\n<p><strong>Viskupi\u010dov\u00e1 J., Cruz-Cort\u00e9s C., Mich\u00e1likov\u00e1 S., Rezb\u00e1rikov\u00e1 P., Espinoza-Fonseca M.<\/strong><\/p>\n<p><em>Institute of Experimental Pharmacology and\u00a0 Toxicology, Centre of Experimental Medicine, Slovak Academy of Sciences<\/em><\/p>\n<p><strong>L17 &#8211;\u00a0<\/strong>ANALYSIS OF THE EFFECT OF THE NEONICOTINOID ACETAMIPRID AND THE PHYTOALEXINS CAMALEXIN AND BRASSININ ON WILD-TYPE AND TRDMT1 KNOCKOUT OSTEOSARCOMA CELLS<\/p>\n<p><strong>Schwarzbacherov\u00e1 V., Adamczyk-Grochala J., Wnuk, M.<\/strong><\/p>\n<p><em>Department of Biology and Physiology, University of Veterinary Medicine and Pharmacy in Ko\u0161ice<\/em><\/p>\n<p><strong>L18 &#8211;\u00a0<\/strong>FROM SIGNALS TO SUSPECTS: EXPLORING CELLULAR DIALOGUE VIA GAP JUNCTIONS IN THE DETECTION OF NON-GENOTOXIC CARCINOGENS<\/p>\n<p><strong>Rico-Guerrero L. A., Bernal K., Kub\u00ednov\u00e1 I., Dost\u00e1lov\u00e1 K., Skupinov\u00e1 A., Sychrov\u00e1 E., Laboh\u00e1 P., Sovadinov\u00e1 I., Babica, P.<\/strong><\/p>\n<p><em>Masaryk University, Faculty of Science, RECETOX<\/em><\/p>\n<p><strong>L19 &#8211;\u00a0<\/strong>FROM LEGACY TO ALTERNATIVES: PFAS-INDUCED DISRUPTION OF GAP JUNCTIONS AND CANCER-RELATED CELLULAR EVENTS<\/p>\n<p><strong>Bernal K., Skupinov\u00e1 A., Sychrov\u00e1 E., Dost\u00e1lov\u00e1 K., Sovadinov\u00e1 I., Babica P.<\/strong><\/p>\n<p><em>Masaryk University, Faculty of Science, RECETOX<\/em><\/p>\n<p>16:50<\/p>\n<p><strong>COFFEE BREAK<\/strong><\/p>\n<p>17:10\u00a0 &#8211; 17:50<\/p>\n<p><strong>INVITED KEYNOTE LECTURE<\/strong><\/p>\n<p><em>Chairperson:<\/em> Helena Kan\u010f\u00e1rov\u00e1<\/p>\n<p><strong>L20 &#8211; <\/strong>RISK ASSESSMENT OF MYCOTOXINS<\/p>\n<p><strong>Marko D.<\/strong><\/p>\n<p><em>Department of Food Chemistry and Toxicology, University of Vienna, Austria<\/em><\/p>\n<p>19:00<\/p>\n<p><strong>GALA-DINNER<\/strong><\/p>\n<p><strong>\u00a0<\/strong><\/p>\n<h1>FRIDAY \u2013 September 26, 2025<\/h1>\n<p><strong>\u00a0<\/strong><\/p>\n<p>9:00 \u2013 10:20<\/p>\n<p><strong>SESSION 5: DEVELOPMENTAL TOXICOLOGY AND ECOTOXICOLOGY<\/strong><\/p>\n<p><em>Chairpersons:<\/em> Michal Dubovick\u00fd and Tom\u00e1\u0161 Je\u010dmen<\/p>\n<p><strong>L21 &#8211; <\/strong>MATERNAL DEPRESSION AND FUNCTIONAL BRAIN DEVELOPMENT OF OFFSPRING<\/p>\n<p><strong>Dubovick\u00fd M., Buk\u00e1tov\u00e1 S., Bogi E., Ujh\u00e1zy E., Brucknerov\u00e1 I.<\/strong><\/p>\n<p><em>Institute of Experimental Pharmacology and\u00a0 Toxicology, Centre of Experimental Medicine, Slovak Academy of Sciences<\/em><\/p>\n<p><strong>L22 &#8211;\u00a0<\/strong>CANNABIDIOL DISRUPTS TRYPTOPHAN METABOLISM IN THE HUMAN TERM PLACENTA<\/p>\n<p><strong>Portillo R, Abad C, Synova T, Kastner P, Heblik D, Kucera R, Karahoda R, Staud F.<\/strong><\/p>\n<p><em>Charles University, Faculty of Pharmacy in Hradec Kralove, Dept. of Pharmacology and Toxicology, Hradec Kralove, Czech Republic<\/em><\/p>\n<p><strong>L23 &#8211;\u00a0<\/strong>NUTRITIONAL QUALITY OF RIVER DETRITUS AND ITS INFLUENCE ON JUVENILE FRESHWATER PEARL MUSSEL GROWTH<\/p>\n<p><strong>Je\u010dmen T., Tich\u00e1 K., B\u011blono\u017en\u00edkov\u00e1 K., Mach\u00e1\u010dek V., Ho\u0159ick\u00e1 Z., M\u00f6hwald M., Ry\u0161lav\u00e1 H.<\/strong><\/p>\n<p><em>Department of Biochemistry, Faculty of Science, Charles University<\/em><\/p>\n<p><strong>L24 &#8211;\u00a0<\/strong>THE MOST SUITABLE HONEYBEE MATRICES FOR PESTICIDE MONITORING IN THE LANDSCAPE<\/p>\n<p><strong>Sabo R., Alkassab A.T., Staro\u0148 M., Sabov\u00e1 L., Majchr\u00e1k T., Bischoff G., Pistorius, Janke M., Su\u010dik M., Szab\u00f3, I. <\/strong><\/p>\n<p><em>The University of Veterinary Medicine and Pharmacy in Ko\u0161ice<\/em><\/p>\n<p><em>\u00a0<\/em><\/p>\n<p>10:20<\/p>\n<p><strong>COFFEE BREAK<\/strong><\/p>\n<p>10:40 \u2013 12:00<\/p>\n<p><strong>SESSION 6: VARIA<\/strong><\/p>\n<p><em>Chairpersons:<\/em> Lucia Kov\u00e1\u010dikov\u00e1 and Tom\u00e1\u0161 Smutn\u00fd<\/p>\n<p><strong>\u00a0<\/strong><\/p>\n<p><strong>L25 &#8211;\u00a0<\/strong>HIGH-DOSE: OF GANODERMA RESINACEUM POSSESSES PRO-INFLAMMATORY AND CATABOLIC EFFECTS IN ADJUVANT ARTHRITIS<\/p>\n<p><strong>Fakhermanesh M., <u>Sipping K. M. Tr\u00e9sor<\/u>, Poni\u0161t S., Ahmad W., Khademnematolahi S., Mach M., Dr\u00e1fi F., \u0160vik K., Bauerova K. <\/strong><\/p>\n<p><em>Institute of Experimental Pharmacology and\u00a0 Toxicology, Centre of Experimental Medicine, Slovak Academy of Sciences<\/em><\/p>\n<p><strong>L26 &#8211;\u00a0<\/strong>RIFAMPICIN AND ITS DERIVATIVES: STABILITY, DISPOSITION, AND AFFINITY TOWARDS PREGNANE X RECEPTOR EMPLOYING 2D AND 3D PRIMARY HUMAN HEPATOCYTES<\/p>\n<p><strong>Smutn\u00fd T., Smutn\u00e1 L., Lochman L.,\u00a0 Kamaraj R., Ku\u010dera R., P\u00e1vek P.<\/strong><\/p>\n<p><em>Charles University, Faculty of Pharmacy in Hradec Kr\u00e1lov\u00e9<\/em><\/p>\n<p><strong>L27 &#8211;\u00a0<\/strong>RADIOPROTECTIVE ROLE OF NITRO-FATTY ACIDS IN PRESERVING HEMATOPOIETIC INTEGRITY<\/p>\n<p><strong>Pereckova J., Chrenko D., Pospisil J., Perecko T.<\/strong><\/p>\n<p><em>Institute of Biophysics of the CAS, v. v. i.<\/em><\/p>\n<p><strong>L28 &#8211;\u00a0<\/strong>HYPOXIA AND HPV STATUS SHAPE CELLULAR, CYTOKINE, AND TRANSCRIPTOMIC RESPONSES TO GAMMA-IRRADIATION IN HEAD AND NECK CANCER<\/p>\n<p><strong>Pereckova J., Vasicek O., Voznicova S., Zavadil-Kokas F., Hrstka R., <u>Perecko T.<\/u><\/strong><\/p>\n<p><em>Institute of Biophysics of the CAS, v. v. i.<\/em><\/p>\n<p><strong>L29 &#8211; <\/strong>DEVELOPMENT OF TRIAZINOINDOLE DERIVATIVES AS ALDOSE REDUCTASE INHIBITORS WITH PREDICTED TOXICOLOGY (ADMET) PROFILE<\/p>\n<p><strong>Kovacikova L., Majekova M., Almassy A., Teplanova T., Addova G., Bohac A.<\/strong><\/p>\n<p><em>Institute of Experimental Pharmacology and\u00a0 Toxicology, Centre of Experimental Medicine, Slovak Academy of Sciences<\/em><\/p>\n<p><strong>\u00a0<\/strong><\/p>\n<p>12:00<\/p>\n<p><strong>CLOSING CEREMONY<\/strong><\/p>\n<p><strong>\u00a0<\/strong><\/p>\n<p>12:20<\/p>\n<p><strong>COFFEE\/REFRESHMENTS<\/strong><\/p>\n<p><strong>\u00a0<\/strong><\/p>\n<p><strong>\u00a0<\/strong><\/p>\n<h1>PRESENTED POSTERS<\/h1>\n<p>TBA<\/p>\n","protected":false},"excerpt":{"rendered":"<p>WEDNESDAY \u2013 September 24, 2025 \u00a0 16:00 \u2013 17:30 REGISTRATION \u00a0 17:30 \u2013 17:50 OPENING CEREMONY \u00a0 17:50 \u2013 18:10 THIRTY YEARS OF THE INTERDISCIPLINARY TOXICOLOGY CONFERENCES TOXCON: A BRIEF LOOK BACK Dubovicky M. Institute of Experimental Pharmacology and\u00a0 Toxicology, Centre of Experimental Medicine, Slovak Academy of Sciences 19:00 WELCOME RECEPTION \u00a0 \u00a0 THURSDAY \u2013 <a class=\"read-more\" href=\"http:\/\/konferencia.uef.sav.sk\/?page_id=475\">Read More<\/a><\/p>\n","protected":false},"author":1,"featured_media":0,"parent":0,"menu_order":0,"comment_status":"closed","ping_status":"closed","template":"","meta":[],"_links":{"self":[{"href":"http:\/\/konferencia.uef.sav.sk\/index.php?rest_route=\/wp\/v2\/pages\/475"}],"collection":[{"href":"http:\/\/konferencia.uef.sav.sk\/index.php?rest_route=\/wp\/v2\/pages"}],"about":[{"href":"http:\/\/konferencia.uef.sav.sk\/index.php?rest_route=\/wp\/v2\/types\/page"}],"author":[{"embeddable":true,"href":"http:\/\/konferencia.uef.sav.sk\/index.php?rest_route=\/wp\/v2\/users\/1"}],"replies":[{"embeddable":true,"href":"http:\/\/konferencia.uef.sav.sk\/index.php?rest_route=%2Fwp%2Fv2%2Fcomments&post=475"}],"version-history":[{"count":53,"href":"http:\/\/konferencia.uef.sav.sk\/index.php?rest_route=\/wp\/v2\/pages\/475\/revisions"}],"predecessor-version":[{"id":1034,"href":"http:\/\/konferencia.uef.sav.sk\/index.php?rest_route=\/wp\/v2\/pages\/475\/revisions\/1034"}],"wp:attachment":[{"href":"http:\/\/konferencia.uef.sav.sk\/index.php?rest_route=%2Fwp%2Fv2%2Fmedia&parent=475"}],"curies":[{"name":"wp","href":"https:\/\/api.w.org\/{rel}","templated":true}]}}